{"id":13,"date":"2019-10-12T10:13:24","date_gmt":"2019-10-12T10:13:24","guid":{"rendered":"https:\/\/togocultureplus.com\/?page_id=13"},"modified":"2019-10-12T11:36:18","modified_gmt":"2019-10-12T11:36:18","slug":"togo-culture-plus","status":"publish","type":"page","link":"https:\/\/togocultureplus.com\/index.php\/togo-culture-plus\/","title":{"rendered":"Togo Culture Plus"},"content":{"rendered":"\n<h2 class=\"wp-block-heading\">BIENVENUE SUR VOTRE SITE\u2026<\/h2>\n\n\n\n<p>Vous \u00eates bien sur votre site http:\/\/www.togocultureplus.com.\/ Le site du FEST\u00c9KP\u00c9 ( Festival National de Musique Traditionelle T\u00e9m K\u00e9t\u00e9kp\u00e9 ). Comme nous vous l&#8217;annoncions, votre site a fait peau neuve. Il vous est pr\u00e9sent\u00e9 avec un nouvel habillage, mais aussi avec la m\u00eame philosophie, le m\u00eame objectif, \u00e0 savoir, promouvoir le patrimoine culturel T\u00e9m qui n&#8217;est autre qu&#8217;un \u00e9chantillon, une illustration du tr\u00e8s riche et vari\u00e9 patrimoine culturel togolais et africain. Faire d\u00e9couvrir, appr\u00e9cier et s&#8217;approprier cette culture, ses rythmes, ses saveurs, son authenticit\u00e9.<\/p>\n\n\n\n<p>Depuis son lancement en 2008, chaque rendez-vous de FEST\u00c9KP\u00c9 a toujours \u00e9t\u00e9 un moment intense de vivre ensemble dans l\u2019all\u00e9gresse, tout simplement une f\u00eate qui a toujours tenu ses promesses de convivialit\u00e9 l\u00e9gendaire. Les 7, 8 et 9 d\u00e9cembre prochains, nous allons conna\u00eetre une autre apoth\u00e9ose de cette f\u00eate des retrouvailles du peuple et de la culture T\u00e9m dont K\u00e9t\u00e9kp\u00e9 constitue, certes, un des fleurons en \u00e9closion continuelle depuis sa revalorisation par FEST\u00c9KP\u00c9 .<\/p>\n\n\n\n<p>Ce sera la 5\u00e8me fois, ou plut\u00f4t, la 5\u00e8me \u00e9dition. Une c\u00e9l\u00e9bration, une f\u00eate, un anniversaire qui se veut une quintessence, car ses richesses, ses couleurs et son rythme se sont affin\u00e9s. Cette cinqui\u00e8me \u00e9dition sera l&#8217;illustration des r\u00e9sultats des exp\u00e9riences amass\u00e9es durant les 4 derni\u00e8res ann\u00e9es. Elle promet \u00e9galement bien de surprises in\u00e9dites, agr\u00e9ables que vous devez vivre pour ne pas regretter d\u2019avoir manqu\u00e9 au rendez-vous des 5 ans de Fest\u00e9kp\u00e9.<\/p>\n\n\n\n<p>En ce qui concerne la somme de nos exp\u00e9riences et l&#8217;expression de notre engagement, notre site http:\/\/www.togocultureplus.com\/ en est l&#8217;\u00e9loquente illustration. \u00c0 l&#8217;image du FEST\u00c9KP\u00c9, notre site aussi conna\u00eet un grand succ\u00e8s depuis sa mise en ligne. Bien des visiteurs nous font le plaisir de le visiter, soit pour s&#8217;impr\u00e9gner de la culture T\u00e9m, une des facettes de la culture togolaise ou &#8211; pour les Togolais de la Diaspora- pour \u00e9loigner la nostalgie, le d\u00e9paysement. Tous visionnent les images du FESTIVAL et en savourent les m\u00e9lodies musicales qui s&#8217;y trouvent.<\/p>\n\n\n\n<p>Au fil des jours, le SERVICE PRESSE &amp; COMMUNICATION de Togo Culture Plus, se d\u00e9m\u00e8ne pour si possible combler vos exigences, r\u00e9pondre \u00e0 vos attentes, gagner votre confiance. C&#8217;est l&#8217;un des chalenges que cette \u00e9quipe s&#8217;est engag\u00e9e \u00e0 r\u00e9ussir. L&#8217;autre devoir est la pr\u00e9sentation graphique de ce site, une des vitrines du FEST\u00c9KP\u00c9. Sur ce volet justement, nous vous proposons un nouvel habillage, nous vous proposons un site relift\u00e9 avec un design qui retrace tous les 4 ans du FESTIVAL, un design donc sobre, mais on ne peut plus attrayant, parlant, \u00e9vocateur.<\/p>\n\n\n\n<p>Quant au contenu, nous gardons notre seul pari, \u00e0 savoir enrichir notre offre tout en gardant notre ligne \u00e9ditoriale. Nous voulons faire du site, un site de r\u00e9f\u00e9rence pour les f\u00e9rus de la culture T\u00e9m, pour les chercheurs, pour les m\u00e9lomanes du rythme K\u00e9t\u00e9kp\u00e9 et de tous les rythmes T\u00e8m. Toutefois, l&#8217;\u00e9quipe du Service presse &amp; communication n&#8217;a pas le monopole de l&#8217;animation du site. Si vous d\u00e9tenez un morceau d&#8217;anthologie sur l&#8217;histoire du peuple T\u00e9m de la p\u00e9riode postcoloniale \u00e0 nos jours, si vous d\u00e9tenez une pi\u00e8ce de musique T\u00e9m, quel qu&#8217;elle soit, http:\/\/www.togocultureplus.com\/ vous ouvre ses colonnes et vous octroie l&#8217;opportunit\u00e9 de publier votre contribution.<\/p>\n\n\n\n<p>Le JUBIL\u00c9 de FEST\u00c9KP\u00c9 5 ANS D\u00c9J\u00c0! commence donc par la mise en ligne, de notre site au graphisme revu. Bonne navigation \u00e0 toutes et \u00e0 tous.<\/p>\n\n\n\n<h5 class=\"wp-block-heading\">SERVICE PRESSE &amp; COMMUNICATION TOGO CULTURE PLUS e.V<\/h5>\n","protected":false},"excerpt":{"rendered":"<p>BIENVENUE SUR VOTRE SITE\u2026 Vous \u00eates bien sur votre site http:\/\/www.togocultureplus.com.\/ Le site du FEST\u00c9KP\u00c9 ( Festival National de Musique Traditionelle T\u00e9m K\u00e9t\u00e9kp\u00e9 ). Comme nous vous l&#8217;annoncions, votre site a fait peau neuve. Il vous est pr\u00e9sent\u00e9 avec un nouvel habillage, mais aussi avec la m\u00eame philosophie, le m\u00eame objectif, \u00e0 savoir, promouvoir le patrimoine culturel T\u00e9m qui n&#8217;est [&hellip;]<\/p>\n","protected":false},"author":1,"featured_media":41,"parent":0,"menu_order":0,"comment_status":"closed","ping_status":"closed","template":"","meta":{"footnotes":""},"class_list":["post-13","page","type-page","status-publish","has-post-thumbnail","hentry"],"_links":{"self":[{"href":"https:\/\/togocultureplus.com\/index.php\/wp-json\/wp\/v2\/pages\/13","targetHints":{"allow":["GET"]}}],"collection":[{"href":"https:\/\/togocultureplus.com\/index.php\/wp-json\/wp\/v2\/pages"}],"about":[{"href":"https:\/\/togocultureplus.com\/index.php\/wp-json\/wp\/v2\/types\/page"}],"author":[{"embeddable":true,"href":"https:\/\/togocultureplus.com\/index.php\/wp-json\/wp\/v2\/users\/1"}],"replies":[{"embeddable":true,"href":"https:\/\/togocultureplus.com\/index.php\/wp-json\/wp\/v2\/comments?post=13"}],"version-history":[{"count":2,"href":"https:\/\/togocultureplus.com\/index.php\/wp-json\/wp\/v2\/pages\/13\/revisions"}],"predecessor-version":[{"id":48,"href":"https:\/\/togocultureplus.com\/index.php\/wp-json\/wp\/v2\/pages\/13\/revisions\/48"}],"wp:featuredmedia":[{"embeddable":true,"href":"https:\/\/togocultureplus.com\/index.php\/wp-json\/wp\/v2\/media\/41"}],"wp:attachment":[{"href":"https:\/\/togocultureplus.com\/index.php\/wp-json\/wp\/v2\/media?parent=13"}],"curies":[{"name":"wp","href":"https:\/\/api.w.org\/{rel}","templated":true}]}}